{"id":16,"date":"2023-09-22T14:53:58","date_gmt":"2023-09-22T14:53:58","guid":{"rendered":"https:\/\/empresarial.ufm.edu\/frealmadrid\/?page_id=16"},"modified":"2023-10-10T22:33:37","modified_gmt":"2023-10-10T22:33:37","slug":"portada","status":"publish","type":"page","link":"https:\/\/empresarial.ufm.edu\/frealmadrid\/","title":{"rendered":"Dos marcas, un objetivo com\u00fan"},"content":{"rendered":"\n\n\tValores deportivos aplicados al mundo empresarial\n<h2>\n\t\tFUNDACI\u00d3N  REAL MADRID\n\t<\/h2>\n\t<p>La Fundaci\u00f3n Real Madrid es la entidad filantr\u00f3pica del\u00a0Real Madrid Club de F\u00fatbol.\u00a0\u200b<\/p>\n<p>Su objetivo es desarrollar proyectos sociales, educativos y\u00a0deportivos para mejorar la calidad de vida de las personas,\u00a0y promover valores practicando el deporte.\u200b<\/p>\n<p>La Fundaci\u00f3n Real Madrid, creada en 1997, implementa\u00a0proyectos de inclusi\u00f3n social y educativa a trav\u00e9s del f\u00fatbol\u00a0y el baloncesto en Espa\u00f1a y en todo el mundo.\u00a0\u200b<\/p>\n<p>Se centra en la educaci\u00f3n integral, el desarrollo personal y\u00a0social, as\u00ed como en el fomento de un estilo de vida\u00a0saludable, alcanzando a miles de beneficiarios anualmente\u00a0y marcando una diferencia positiva en sus vidas.\u200b\u200b<\/p>\n\t\t\t\t<img loading=\"lazy\" decoding=\"async\" src=\"https:\/\/empresarial.ufm.edu\/frealmadrid\/wp-content\/uploads\/2023\/09\/Edificio_Campus_UFM_Madrid_empresarial-opt.jpg\" alt=\"Edificio_Campus_UFM_Madrid_empresarial-opt\" itemprop=\"image\" height=\"1365\" width=\"2048\" title=\"Edificio_Campus_UFM_Madrid_empresarial-opt\" onerror=\"this.style.display='none'\"  \/>\n<h2>\n\t\tUNIVERSIDAD FRANCISCO MARROQU\u00cdN\n\t<\/h2>\n\t<p>La Universidad Francisco Marroqu\u00edn (UFM) es una instituci\u00f3n\u00a0privada, fundada en 1971, en la ciudad de Guatemala.\u00a0<\/p>\n<p>La\u00a0misi\u00f3n de la UFM es <i>la ense\u00f1anza y difusi\u00f3n de los principios\u00a0\u00e9ticos, jur\u00eddicos y econ\u00f3micos de una sociedad de personas\u00a0libres y responsables<\/i>.\u200b<\/p>\n<p>La UFM es reconocida por su enfoque en emprendimiento y su\u00a0fuerte \u00e9nfasis en investigaci\u00f3n. Su excepcional calidad\u00a0acad\u00e9mica atrae a estudiantes de todo el mundo.\u200b<\/p>\n<p>Es conocida por su compromiso con los principios de libertad\u00a0individual, mercado libre y \u00e9tica. Ofrece numerosos programas\u00a0de grado y posgrado, en \u00e1reas como medicina, arquitectura,\u00a0econom\u00eda y otros campos.<\/p>\n<h2>\n\t\tUFM FORMACI\u00d3N EMPRESARIAL\n\t<\/h2>\n\t<p>La Universidad Francisco Marroqu\u00edn, desde su \u00e1rea de\u00a0Formaci\u00f3n Empresarial, tiene el prop\u00f3sito de asesorar y\u00a0acompa\u00f1ar a las empresas en el despliegue de su estrategia de\u00a0la formaci\u00f3n de personas, para forjar compa\u00f1\u00edas responsables que cambien su\u00a0historia, de acuerdo con principios \u00e9ticos y de libre mercado.<\/p>\n<p>Consideramos que el desarrollo de las personas en la empresa\u00a0es el pilar fundamental de la misma. Por ello trabajamos en adquirir y desarrollar las habilidades de\u00a0una forma pr\u00e1ctica, generando una experiencia memorable, que\u00a0permite anclar los valores y competencias cr\u00edticas en la\u00a0persona y en cualquier equipo de trabajo.<\/p>\n\t\t\t\t<img loading=\"lazy\" decoding=\"async\" src=\"https:\/\/empresarial.ufm.edu\/frealmadrid\/wp-content\/uploads\/2023\/09\/UNIVERSIDAD-FRANCISCO-MARROQUIN-UFM-CAMPUS-MADRID-FUNDACION-REAL-MADRID-14.jpg\" alt=\"UNIVERSIDAD-FRANCISCO-MARROQUIN-UFM-CAMPUS-MADRID-FUNDACION-REAL-MADRID-14\" itemprop=\"image\" height=\"540\" width=\"946\" title=\"UNIVERSIDAD-FRANCISCO-MARROQUIN-UFM-CAMPUS-MADRID-FUNDACION-REAL-MADRID-14\" onerror=\"this.style.display='none'\"  \/>\n<h2>\n\t\tLA ACTIVIDAD DEPORTIVA:\n\t<\/h2>\n<h4>\n\t\tUna herramienta de  mejora de las personas\n\t<\/h4>\n\t<p>La actividad deportiva es una poderosa herramienta para mejorar la vida de las\u00a0personas.\u00a0\u200bNo solo contribuye a mantener una buena salud f\u00edsica, sino que tambi\u00e9n\u00a0promueve valores como el trabajo en equipo, la disciplina, la superaci\u00f3n\u00a0personal y la resiliencia.\u00a0\u200b<\/p>\n<p>Adem\u00e1s, el deporte proporciona oportunidades para establecer conexiones\u00a0sociales y fomentar un estilo de vida activo y equilibrado, beneficiando as\u00ed el\u00a0bienestar integral de cada individuo.\u200b<\/p>\n<p>El bienestar laboral (tambi\u00e9n conocido como\u00a0<i>wellbeing<\/i>\u00a0corporativo o bienestar\u00a0corporativo) en una empresa ayudar\u00e1 a que mejoren sus \u00edndices de\u00a0productividad.<\/p>\n\t\t\t\t<img loading=\"lazy\" decoding=\"async\" src=\"https:\/\/empresarial.ufm.edu\/frealmadrid\/wp-content\/uploads\/2023\/09\/UNIVERSIDAD-FRANCISCO-MARROQUIN-UFM-CAMPUS-MADRID-FUNDACION-REAL-MADRID-28.jpg\" alt=\"UNIVERSIDAD-FRANCISCO-MARROQUIN-UFM-CAMPUS-MADRID-FUNDACION-REAL-MADRID-28\" itemprop=\"image\" height=\"540\" width=\"810\" title=\"UNIVERSIDAD-FRANCISCO-MARROQUIN-UFM-CAMPUS-MADRID-FUNDACION-REAL-MADRID-28\" onerror=\"this.style.display='none'\"  \/>\n\n","protected":false},"excerpt":{"rendered":"<p>Valores deportivos aplicados al mundo empresarial FUNDACI\u00d3N REAL MADRID La Fundaci\u00f3n Real Madrid es la entidad filantr\u00f3pica del\u00a0Real Madrid Club de F\u00fatbol.\u00a0\u200b Su objetivo es desarrollar proyectos sociales, educativos y\u00a0deportivos para mejorar la calidad de vida de las personas,\u00a0y promover valores practicando el deporte.\u200b La Fundaci\u00f3n Real Madrid, creada en 1997, implementa\u00a0proyectos de inclusi\u00f3n social&hellip;<\/p>\n","protected":false},"author":1,"featured_media":241,"parent":0,"menu_order":0,"comment_status":"closed","ping_status":"closed","template":"","meta":{"footnotes":""},"class_list":["post-16","page","type-page","status-publish","has-post-thumbnail","hentry"],"yoast_head":"<!-- This site is optimized with the Yoast SEO plugin v21.3 - https:\/\/yoast.com\/wordpress\/plugins\/seo\/ -->\n<title>Dos marcas, un objetivo com\u00fan - Fundaci\u00f3n Realmadrid<\/title>\n<meta name=\"robots\" content=\"index, follow, max-snippet:-1, max-image-preview:large, max-video-preview:-1\" \/>\n<link rel=\"canonical\" href=\"https:\/\/empresarial.ufm.edu\/frealmadrid\/\" \/>\n<meta property=\"og:locale\" content=\"es_ES\" \/>\n<meta property=\"og:type\" content=\"article\" \/>\n<meta property=\"og:title\" content=\"Dos marcas, un objetivo com\u00fan - Fundaci\u00f3n Realmadrid\" \/>\n<meta property=\"og:description\" content=\"Valores deportivos aplicados al mundo empresarial FUNDACI\u00d3N REAL MADRID La Fundaci\u00f3n Real Madrid es la entidad filantr\u00f3pica del\u00a0Real Madrid Club de F\u00fatbol.\u00a0\u200b Su objetivo es desarrollar proyectos sociales, educativos y\u00a0deportivos para mejorar la calidad de vida de las personas,\u00a0y promover valores practicando el deporte.\u200b La Fundaci\u00f3n Real Madrid, creada en 1997, implementa\u00a0proyectos de inclusi\u00f3n social&hellip;\" \/>\n<meta property=\"og:url\" content=\"https:\/\/empresarial.ufm.edu\/frealmadrid\/\" \/>\n<meta property=\"og:site_name\" content=\"Fundaci\u00f3n Realmadrid\" \/>\n<meta property=\"article:modified_time\" content=\"2023-10-10T22:33:37+00:00\" \/>\n<meta property=\"og:image\" content=\"https:\/\/empresarial.ufm.edu\/frealmadrid\/wp-content\/uploads\/2023\/10\/logo-ufm-frealmadrid-redes-200x200-1.png\" \/>\n\t<meta property=\"og:image:width\" content=\"200\" \/>\n\t<meta property=\"og:image:height\" content=\"200\" \/>\n\t<meta property=\"og:image:type\" content=\"image\/png\" \/>\n<meta name=\"twitter:card\" content=\"summary_large_image\" \/>\n<meta name=\"twitter:label1\" content=\"Tiempo de lectura\" \/>\n\t<meta name=\"twitter:data1\" content=\"3 minutos\" \/>\n<script type=\"application\/ld+json\" class=\"yoast-schema-graph\">{\"@context\":\"https:\/\/schema.org\",\"@graph\":[{\"@type\":\"WebPage\",\"@id\":\"https:\/\/empresarial.ufm.edu\/frealmadrid\/\",\"url\":\"https:\/\/empresarial.ufm.edu\/frealmadrid\/\",\"name\":\"Dos marcas, un objetivo com\u00fan - Fundaci\u00f3n Realmadrid\",\"isPartOf\":{\"@id\":\"https:\/\/empresarial.ufm.edu\/frealmadrid\/#website\"},\"datePublished\":\"2023-09-22T14:53:58+00:00\",\"dateModified\":\"2023-10-10T22:33:37+00:00\",\"breadcrumb\":{\"@id\":\"https:\/\/empresarial.ufm.edu\/frealmadrid\/#breadcrumb\"},\"inLanguage\":\"es\",\"potentialAction\":[{\"@type\":\"ReadAction\",\"target\":[\"https:\/\/empresarial.ufm.edu\/frealmadrid\/\"]}]},{\"@type\":\"BreadcrumbList\",\"@id\":\"https:\/\/empresarial.ufm.edu\/frealmadrid\/#breadcrumb\",\"itemListElement\":[{\"@type\":\"ListItem\",\"position\":1,\"name\":\"Portada\",\"item\":\"https:\/\/empresarial.ufm.edu\/frealmadrid\/\"},{\"@type\":\"ListItem\",\"position\":2,\"name\":\"Dos marcas, un objetivo com\u00fan\"}]},{\"@type\":\"WebSite\",\"@id\":\"https:\/\/empresarial.ufm.edu\/frealmadrid\/#website\",\"url\":\"https:\/\/empresarial.ufm.edu\/frealmadrid\/\",\"name\":\"Universidad Francisco Marroqu\u00edn y Fundaci\u00f3n Real Madrid\",\"description\":\"\",\"publisher\":{\"@id\":\"https:\/\/empresarial.ufm.edu\/frealmadrid\/#organization\"},\"alternateName\":\"Universidad Francisco Marroqu\u00edn y Fundaci\u00f3n Real Madrid\",\"potentialAction\":[{\"@type\":\"SearchAction\",\"target\":{\"@type\":\"EntryPoint\",\"urlTemplate\":\"https:\/\/empresarial.ufm.edu\/frealmadrid\/?s={search_term_string}\"},\"query-input\":\"required name=search_term_string\"}],\"inLanguage\":\"es\"},{\"@type\":\"Organization\",\"@id\":\"https:\/\/empresarial.ufm.edu\/frealmadrid\/#organization\",\"name\":\"Universidad Francisco Marroqu\u00edn y Fundaci\u00f3n Real Madrid\",\"url\":\"https:\/\/empresarial.ufm.edu\/frealmadrid\/\",\"logo\":{\"@type\":\"ImageObject\",\"inLanguage\":\"es\",\"@id\":\"https:\/\/empresarial.ufm.edu\/frealmadrid\/#\/schema\/logo\/image\/\",\"url\":\"https:\/\/empresarial.ufm.edu\/frealmadrid\/wp-content\/uploads\/2023\/10\/logo-ufm-frealmadrid-redes-200x200-1.png\",\"contentUrl\":\"https:\/\/empresarial.ufm.edu\/frealmadrid\/wp-content\/uploads\/2023\/10\/logo-ufm-frealmadrid-redes-200x200-1.png\",\"width\":200,\"height\":200,\"caption\":\"Universidad Francisco Marroqu\u00edn y Fundaci\u00f3n Real Madrid\"},\"image\":{\"@id\":\"https:\/\/empresarial.ufm.edu\/frealmadrid\/#\/schema\/logo\/image\/\"}}]}<\/script>\n<!-- \/ Yoast SEO plugin. -->","yoast_head_json":{"title":"Dos marcas, un objetivo com\u00fan - Fundaci\u00f3n Realmadrid","robots":{"index":"index","follow":"follow","max-snippet":"max-snippet:-1","max-image-preview":"max-image-preview:large","max-video-preview":"max-video-preview:-1"},"canonical":"https:\/\/empresarial.ufm.edu\/frealmadrid\/","og_locale":"es_ES","og_type":"article","og_title":"Dos marcas, un objetivo com\u00fan - Fundaci\u00f3n Realmadrid","og_description":"Valores deportivos aplicados al mundo empresarial FUNDACI\u00d3N REAL MADRID La Fundaci\u00f3n Real Madrid es la entidad filantr\u00f3pica del\u00a0Real Madrid Club de F\u00fatbol.\u00a0\u200b Su objetivo es desarrollar proyectos sociales, educativos y\u00a0deportivos para mejorar la calidad de vida de las personas,\u00a0y promover valores practicando el deporte.\u200b La Fundaci\u00f3n Real Madrid, creada en 1997, implementa\u00a0proyectos de inclusi\u00f3n social&hellip;","og_url":"https:\/\/empresarial.ufm.edu\/frealmadrid\/","og_site_name":"Fundaci\u00f3n Realmadrid","article_modified_time":"2023-10-10T22:33:37+00:00","og_image":[{"width":200,"height":200,"url":"https:\/\/empresarial.ufm.edu\/frealmadrid\/wp-content\/uploads\/2023\/10\/logo-ufm-frealmadrid-redes-200x200-1.png","type":"image\/png"}],"twitter_card":"summary_large_image","twitter_misc":{"Tiempo de lectura":"3 minutos"},"schema":{"@context":"https:\/\/schema.org","@graph":[{"@type":"WebPage","@id":"https:\/\/empresarial.ufm.edu\/frealmadrid\/","url":"https:\/\/empresarial.ufm.edu\/frealmadrid\/","name":"Dos marcas, un objetivo com\u00fan - Fundaci\u00f3n Realmadrid","isPartOf":{"@id":"https:\/\/empresarial.ufm.edu\/frealmadrid\/#website"},"datePublished":"2023-09-22T14:53:58+00:00","dateModified":"2023-10-10T22:33:37+00:00","breadcrumb":{"@id":"https:\/\/empresarial.ufm.edu\/frealmadrid\/#breadcrumb"},"inLanguage":"es","potentialAction":[{"@type":"ReadAction","target":["https:\/\/empresarial.ufm.edu\/frealmadrid\/"]}]},{"@type":"BreadcrumbList","@id":"https:\/\/empresarial.ufm.edu\/frealmadrid\/#breadcrumb","itemListElement":[{"@type":"ListItem","position":1,"name":"Portada","item":"https:\/\/empresarial.ufm.edu\/frealmadrid\/"},{"@type":"ListItem","position":2,"name":"Dos marcas, un objetivo com\u00fan"}]},{"@type":"WebSite","@id":"https:\/\/empresarial.ufm.edu\/frealmadrid\/#website","url":"https:\/\/empresarial.ufm.edu\/frealmadrid\/","name":"Universidad Francisco Marroqu\u00edn y Fundaci\u00f3n Real Madrid","description":"","publisher":{"@id":"https:\/\/empresarial.ufm.edu\/frealmadrid\/#organization"},"alternateName":"Universidad Francisco Marroqu\u00edn y Fundaci\u00f3n Real Madrid","potentialAction":[{"@type":"SearchAction","target":{"@type":"EntryPoint","urlTemplate":"https:\/\/empresarial.ufm.edu\/frealmadrid\/?s={search_term_string}"},"query-input":"required name=search_term_string"}],"inLanguage":"es"},{"@type":"Organization","@id":"https:\/\/empresarial.ufm.edu\/frealmadrid\/#organization","name":"Universidad Francisco Marroqu\u00edn y Fundaci\u00f3n Real Madrid","url":"https:\/\/empresarial.ufm.edu\/frealmadrid\/","logo":{"@type":"ImageObject","inLanguage":"es","@id":"https:\/\/empresarial.ufm.edu\/frealmadrid\/#\/schema\/logo\/image\/","url":"https:\/\/empresarial.ufm.edu\/frealmadrid\/wp-content\/uploads\/2023\/10\/logo-ufm-frealmadrid-redes-200x200-1.png","contentUrl":"https:\/\/empresarial.ufm.edu\/frealmadrid\/wp-content\/uploads\/2023\/10\/logo-ufm-frealmadrid-redes-200x200-1.png","width":200,"height":200,"caption":"Universidad Francisco Marroqu\u00edn y Fundaci\u00f3n Real Madrid"},"image":{"@id":"https:\/\/empresarial.ufm.edu\/frealmadrid\/#\/schema\/logo\/image\/"}}]}},"_links":{"self":[{"href":"https:\/\/empresarial.ufm.edu\/frealmadrid\/wp-json\/wp\/v2\/pages\/16","targetHints":{"allow":["GET"]}}],"collection":[{"href":"https:\/\/empresarial.ufm.edu\/frealmadrid\/wp-json\/wp\/v2\/pages"}],"about":[{"href":"https:\/\/empresarial.ufm.edu\/frealmadrid\/wp-json\/wp\/v2\/types\/page"}],"author":[{"embeddable":true,"href":"https:\/\/empresarial.ufm.edu\/frealmadrid\/wp-json\/wp\/v2\/users\/1"}],"replies":[{"embeddable":true,"href":"https:\/\/empresarial.ufm.edu\/frealmadrid\/wp-json\/wp\/v2\/comments?post=16"}],"version-history":[{"count":50,"href":"https:\/\/empresarial.ufm.edu\/frealmadrid\/wp-json\/wp\/v2\/pages\/16\/revisions"}],"predecessor-version":[{"id":264,"href":"https:\/\/empresarial.ufm.edu\/frealmadrid\/wp-json\/wp\/v2\/pages\/16\/revisions\/264"}],"wp:featuredmedia":[{"embeddable":true,"href":"https:\/\/empresarial.ufm.edu\/frealmadrid\/wp-json\/wp\/v2\/media\/241"}],"wp:attachment":[{"href":"https:\/\/empresarial.ufm.edu\/frealmadrid\/wp-json\/wp\/v2\/media?parent=16"}],"curies":[{"name":"wp","href":"https:\/\/api.w.org\/{rel}","templated":true}]}}